 + 7*g - 4*g - 787, 5*m - 5*g - 755 = 0. Is m a composite number?
True
Let p(g) = 23555*g - 17. Is p(2) composite?
False
Let b = -35 + 276. Let d(x) = x**3 + x + 92. Let l be d(0). Suppose h = b - l. Is h composite?
False
Let n(w) = 68*w**2 - 6*w + 1. Let h be 72/(-8)*(-2)/(-6). Is n(h) a composite number?
False
Let z = 4731 + 2778. Is z prime?
False
Let w(f) = 215*f - 10. Let c be 14/4 + 5/(-40)*4. Is w(c) a composite number?
True
Let v(i) = i**3 - 10*i**2 + 9*i + 4. Let p be v(9). Suppose p*o = -2*a + 80, -5*o + 2*a + 100 = -2*a. Let u = -9 + o. Is u composite?
False
Suppose o = 3 - 2. Is (9 - 6)*(o + 352) a prime number?
False
Let p(y) = 29*y**2 - 15*y + 5. Let k be p(6). Let v = k + -493. Is v composite?
True
Suppose a = -2 + 4. Suppose -1 - a = -n. Suppose 0 = m - n*l - 200, -3*m - 5*l - 180 = -710. Is m a composite number?
True
Let a(n) be the third derivative of -n**6/120 - n**5/30 - 7*n**3/6 - 7*n**2. Let v be a(-5). Let y = 162 - v. Is y a composite number?
True
Let u(v) = 4*v**3 - 2*v**2 + 4*v + 7. Let m be ((-1)/((-1)/(-22)))/(-2). Suppose 8*j = -3*d + 3*j + 27, -m = -2*d - j. Is u(d) composite?
True
Suppose 76 = -a + 527. Is a a prime number?
False
Let a(f) = -3*f + 20. Let g be a(7). Is 1538 + g - (-2 + 4) composite?
True
Suppose 3*g - d = 295106, 5*g = 2*d + 114233 + 377610. Is g composite?
False
Suppose 3 = -2*f + 9. Suppose -f*m + 4*z = -502, -2*z = 6*m - 3*m - 514. Suppose -5*a - m = -865. Is a a composite number?
False
Let o = -1208 + 6641. Is o composite?
True
Let w(u) = -3248*u - 1. Suppose -6*h + 5*l - 17 = -4*h, 2*l = 2*h + 8. Is w(h) a composite number?
True
Suppose m + 28 = 2*k + k, 4*k = 5*m + 19. Let x = -9 + k. Suppose x*g = 509 + 153. Is g composite?
False
Let p(f) = 5*f**2 + 2*f - 3. Let q be p(7). Let l = q + -129. Is l composite?
False
Let v be (-2)/(-3) - 172/(-3). Suppose v + 157 = 5*i. Is i composite?
False
Let u = 1104 + 1184. Suppose -u = 12*d - 10844. Is d a composite number?
True
Let x = 75450 + -49829. Is x prime?
True
Suppose r = 1317 + 1562. Is r composite?
False
Let x(c) = 3*c + 7. Let z(y) = y + 3. Let i(a) = 4*x(a) - 7*z(a). Let b be i(-3). Is (-171)/(-4) - 2/b prime?
True
Suppose 3*d - 21461 = -4*y, 5*d - 6*d + 3*y = -7145. Is d composite?
False
Let h(a) = 2*a - 1 - 4*a + 3*a. Let w be h(17). Let p = 27 - w. Is p a composite number?
False
Let r = 28 - 24. Let o be (-3)/r + 299/52. Suppose -o*m + 47 = -143. Is m a composite number?
True
Let g(t) = -9*t**2 - 12*t + 17. Let m be g(-13). Let p = -533 - m. Is p a prime number?
False
Let c = -1 + 3. Suppose 0 = i - b - b, 4*b - c = i. Suppose -z + 4*z - 192 = 5*w, -5*z + i*w = -301. Is z composite?
False
Suppose -2612 = 2*i + i + 5*f, -882 = i - 4*f. Let s = -427 - i. Is s composite?
True
Suppose 2 + 40 = v. Suppose 2*f - v = -0*f. Is f prime?
False
Let x(z) = 56*z**2 - z + 3. Let r be x(-4). Suppose 0 = 5*t - 2*l - r, 7*l - 2*l + 915 = 5*t. Is t prime?
True
Suppose -4*l - 2 = 14. Let t(v) = 3 - 266*v + 116*v + 56*v. Is t(l) a prime number?
True
Let d = -13 - -13. Let t be (-7)/(-1) - (d + 3). Suppose -t*q + 3*q = -4*x - 41, -5*q + 188 = -3*x. Is q a prime number?
True
Let v = 1373 - 2496. Let f = v - -1802. Is f a composite number?
True
Let b be 24/(-9)*-1*(-117)/6. Let i = 3 - b. Is i a prime number?
False
Let o be -4 + 4/(-6)*-9. Suppose -w + 43 = -5*q, 2*w = o*q - 3*w + 8. Let d = 44 - q. Is d composite?
False
Is (-6)/(-4)*(-65420)/(-30) a composite number?
False
Is (-6)/(-4)*(-18466)/(-3 + -4) a composite number?
True
Is 2*(-5835)/50*(-2 - 3) prime?
False
Let c = 102986 - 27901. Is c composite?
True
Suppose 2*z = 582 + 78. Suppose -y + 2*o + 480 = 0, -o + 1763 - z = 3*y. Suppose m = -m + y. Is m a composite number?
False
Let h(x) be the second derivative of -x**5/20 + 5*x**4/12 - x**3/2 + x**2/2 + 4*x. Let w be h(4). Suppose 240 = w*i - 1225. Is i a prime number?
True
Let f = -2 + 4. Suppose -3*v + 4 = 4*h, v + 2*h = 3*v + f. Suppose v = -2*m + m + 53. Is m a composite number?
False
Is 15132/15 - ((-8)/10)/4 a prime number?
True
Let w be (-58)/(-12) + 7/42. Let x be ((-2505)/12)/w*-20. Let t = x + -534. Is t a composite number?
True
Suppose 0 = -0*h - 4*h + 8. Suppose -5*x - h*a - 13 + 60 = 0, -4*x + 32 = -4*a. Let u(l) = l**3 - 8*l**2 + 9*l + 5. Is u(x) prime?
True
Let z(w) = -w - 1. Let v be z(-1). Suppose v*p = -4*p - 124. Let r = 338 + p. Is r a composite number?
False
Let f(r) = 11*r**3 + 8*r**2 - 9*r - 51. Let q(p) = -4*p**3 - 3*p**2 + 3*p + 17. Let u(b) = 3*f(b) + 8*q(b). Is u(8) a prime number?
False
Is (5/10)/((-4)/(-12088)) composite?
False
Let m = 37 + -33. Is 157*m - (-20 - -17) prime?
True
Suppose 9030 - 96684 = -21*c. Is c composite?
True
Let c be (-4)/14 - (558800/14)/(-8). Suppose -5*n + 21344 = c. Is n composite?
False
Suppose -2*l - 5*a = -4678, -4*l = 16*a - 19*a - 9304. Is l prime?
False
Let u(o) be the third derivative of -o**6/120 - 11*o**5/60 - 13*o**3/6 + 39*o**2. Is u(-12) a prime number?
True
Let b be 7/(28/20) - 3. Suppose -n = -5*u - 3198, b*n - n - 3207 = -4*u. Is n a composite number?
False
Is (-1)/(((-9)/35806)/9) a prime number?
False
Suppose 0 = -5*w + 7*w - 102. Suppose 2*y - w - 27 = 0. Is y a prime number?
False
Let f be (142/4)/((-2)/(-4)). Suppose 161 = k + 4*u, 2*u + f + 370 = 3*k. Is k a prime number?
True
Suppose h + 3*t = 1525, h + 3*h = -4*t + 6132. Is h a composite number?
True
Suppose 1295 = j - 0*j. Let b be (10/35)/(1/7). Suppose j = 3*p + b*p. Is p a composite number?
True
Is ((-3)/9)/((-9)/2820393) a composite number?
False
Let r = -28 - -6. Let y = 24 + r. Suppose 2*p - b = 507 - 180, y*p + 5*b = 321. Is p a prime number?
True
Let g(j) = 131*j + 21. Let d be g(-6). Is (-3 - -1)*d/18 prime?
False
Let q be (-50862)/(-30) + 3/5. Suppose -5*g = -u + 447 + 123, 0 = -3*u + g + q. Is u a composite number?
True
Suppose 16*v - 32*v = -296272. Is v a composite number?
False
Let s(u) = -89*u - 43. Suppose 3*n + 36 = n. Is s(n) a prime number?
True
Is 3 + (-3)/2 - (-15950)/4 prime?
True
Is ((-66)/99)/((-4)/56346) composite?
False
Suppose -x + 3*x = 4, 5*f = -3*x + 28931. Suppose 0 = 4*l - 9*l + f. Is l prime?
False
Let d(u) = u**2 - u + 1. Let p(g) = g**3 - g**2 - g - 16. Let k(i) = -5*d(i) - p(i). Is k(-10) composite?
True
Let m = 84 + 8. Suppose m = 2*y - 22. Suppose -9 - y = -2*t. Is t a composite number?
True
Let g(v) = -2*v + 2. Let k be g(-1). Suppose 5*x - 2514 = -2*s, 3*x - k*s + 1514 = 6*x. Is x a composite number?
True
Let u = -1328 - -2445. Is u a composite number?
False
Let u(j) = 268*j + 83. Is u(12) composite?
False
Suppose 0 = -57*g + 55*g + 4. Suppose 188 = 2*m - v - 191, 0 = g*m + 4*v - 394. Is m prime?
True
Suppose 0 = -22*u + 19*u + d + 33748, -2*u - 3*d = -22495. Is u a composite number?
True
Suppose -17828 - 2290 = -6*v. Is v a composite number?
True
Suppose k - 3943 = -3*g, -5*k - 811 = -5*g - 20526. Is k prime?
True
Let p be ((-192)/(-40) + -6)/(4/(-10)). Suppose 0*s = 2*d + 3*s - 6001, -p*d = -s - 8996. Is d a prime number?
True
Let c be 31/(2/14 - 0). Let j = -426 + c. Is 0 + 6/3 - j a composite number?
False
Suppose 47 = -5*c - 58. Is (c/6 - -4)*1378 prime?
False
Let l be (-90)/(-18) - (-54 - -4). Let w = 7 + 0. Suppose -i = 2*t - w, -2 = -5*i + t + l. Is i a prime number?
True
Let n = -2 + -10. Let h be (-56)/n - 2/(-6). Suppose -2*z + t = -65, h*z - z - 118 = -2*t. Is z prime?
True
Suppose 2*f + o + 0*o - 23926 = 0, -o = 0. Is f a composite number?
True
Let b(s) = -2426*s + 17. Is b(-3) composite?
True
Suppose h - 87 = -2*h. Suppose -n + 32 = -3*f, 5*n = -3*f - 27 - h. Is (3/f)/((-1)/764) a prime number?
True
Suppose -248 = -2*j + 68. Suppose -28 - j = -3*x. Suppose 0 = -3*m + 103 + x. Is m prime?
False
Let c(i) = -3 + 5 - 1 - i. Let g be c(-1). Suppose -718 = -g*k + 104. Is k composite?
True
Let x(j) = 11627*j**2 + j + 3. Is x(1) a prime number?
False
Let j be (2/(-6))/((-7)/42). Let f be -3 + j/2 + 64. Suppose 0 = 2*d - 4*u - f, 0 = -5*d + 2*u + 154 - 23. Is d a prime number?
False
Let n(v) = v - 15. Let j be n(5). Let d(h) = 4*h**2 + 5 + 15 + 8*h + h**3 - 7 + 8*h**2. Is d(j) a prime number?
False
Suppose -3 - 5 = 4*z. Let u be (-17464)/(-16) + 1/z. Suppose 673 = 3*o + 4*w, 3*o - w = -2*o + u. Is o prime?
False
Suppose 5*z + 4*w - 5 = 0, 0*w = z + 4*w + 15. Is (-1)/((-3)/(249*z)